{"id":23,"date":"2022-03-02T08:47:52","date_gmt":"2022-03-02T08:47:52","guid":{"rendered":"https:\/\/faa.net\/rtandalucia\/?page_id=23"},"modified":"2022-03-16T18:06:53","modified_gmt":"2022-03-16T17:06:53","slug":"francisco-puertas","status":"publish","type":"page","link":"https:\/\/faa.net\/rtandalucia\/francisco-puertas\/","title":{"rendered":"Francisco Puertas"},"content":{"rendered":"\n<div class=\"wp-block-image\"><figure class=\"aligncenter size-medium\"><img loading=\"lazy\" decoding=\"async\" width=\"300\" height=\"201\" src=\"https:\/\/faa.net\/rtandalucia\/wp-content\/uploads\/2022\/02\/rtandalucia-favicon-300x201.png\" alt=\"\" class=\"wp-image-9\" srcset=\"https:\/\/faa.net\/rtandalucia\/wp-content\/uploads\/2022\/02\/rtandalucia-favicon-300x201.png 300w, https:\/\/faa.net\/rtandalucia\/wp-content\/uploads\/2022\/02\/rtandalucia-favicon-200x134.png 200w, https:\/\/faa.net\/rtandalucia\/wp-content\/uploads\/2022\/02\/rtandalucia-favicon-400x268.png 400w, https:\/\/faa.net\/rtandalucia\/wp-content\/uploads\/2022\/02\/rtandalucia-favicon.png 480w\" sizes=\"(max-width: 300px) 100vw, 300px\" \/><\/figure><\/div>\n\n\n\n<h1 class=\"kt-adv-heading_9d07d1-b8 wp-block-kadence-advancedheading\" data-kb-block=\"kb-adv-heading_9d07d1-b8\">Francisco Manuel Puertas P\u00e9rez<\/h1>\n\n\n\n<h1 class=\"kt-adv-heading_57c79b-61 wp-block-kadence-advancedheading\" data-kb-block=\"kb-adv-heading_57c79b-61\">Piloto Rally Team Andaluc\u00eda<\/h1>\n\n\n\n<div class=\"wp-block-image\"><figure class=\"aligncenter size-full\"><img loading=\"lazy\" decoding=\"async\" width=\"1771\" height=\"997\" src=\"https:\/\/faa.net\/rtandalucia\/wp-content\/uploads\/2022\/03\/presentacion-andalucia-rally-team-ayuntamiento-granada-26.jpg\" alt=\" Antonio P\u00e9rez Orellana (copiloto) y Francisco Manuel Puertas (piloto).\" class=\"wp-image-207\" srcset=\"https:\/\/faa.net\/rtandalucia\/wp-content\/uploads\/2022\/03\/presentacion-andalucia-rally-team-ayuntamiento-granada-26.jpg 1771w, https:\/\/faa.net\/rtandalucia\/wp-content\/uploads\/2022\/03\/presentacion-andalucia-rally-team-ayuntamiento-granada-26-300x169.jpg 300w, https:\/\/faa.net\/rtandalucia\/wp-content\/uploads\/2022\/03\/presentacion-andalucia-rally-team-ayuntamiento-granada-26-1024x576.jpg 1024w, https:\/\/faa.net\/rtandalucia\/wp-content\/uploads\/2022\/03\/presentacion-andalucia-rally-team-ayuntamiento-granada-26-768x432.jpg 768w, https:\/\/faa.net\/rtandalucia\/wp-content\/uploads\/2022\/03\/presentacion-andalucia-rally-team-ayuntamiento-granada-26-1536x865.jpg 1536w, https:\/\/faa.net\/rtandalucia\/wp-content\/uploads\/2022\/03\/presentacion-andalucia-rally-team-ayuntamiento-granada-26-500x281.jpg 500w, https:\/\/faa.net\/rtandalucia\/wp-content\/uploads\/2022\/03\/presentacion-andalucia-rally-team-ayuntamiento-granada-26-800x450.jpg 800w, https:\/\/faa.net\/rtandalucia\/wp-content\/uploads\/2022\/03\/presentacion-andalucia-rally-team-ayuntamiento-granada-26-1280x721.jpg 1280w, https:\/\/faa.net\/rtandalucia\/wp-content\/uploads\/2022\/03\/presentacion-andalucia-rally-team-ayuntamiento-granada-26-200x113.jpg 200w, https:\/\/faa.net\/rtandalucia\/wp-content\/uploads\/2022\/03\/presentacion-andalucia-rally-team-ayuntamiento-granada-26-400x225.jpg 400w, https:\/\/faa.net\/rtandalucia\/wp-content\/uploads\/2022\/03\/presentacion-andalucia-rally-team-ayuntamiento-granada-26-600x338.jpg 600w, https:\/\/faa.net\/rtandalucia\/wp-content\/uploads\/2022\/03\/presentacion-andalucia-rally-team-ayuntamiento-granada-26-1200x676.jpg 1200w\" sizes=\"(max-width: 1771px) 100vw, 1771px\" \/><figcaption> Antonio P\u00e9rez Orellana (copiloto) y Francisco Manuel Puertas (piloto).<\/figcaption><\/figure><\/div>\n\n\n\n<p>El joven piloto de Rally Francisco Manuel Puertas, natural de Almer\u00eda, que que es miembro de la selecci\u00f3n andaluza de automovilismo desde el a\u00f1o 2017, tiene en sus manos un importante proyecto de futuro.<\/p>\n\n\n\n<p>Fue campe\u00f3n en su primera temporada de la Copa Kobe Espa\u00f1a (2021), campe\u00f3n de la Copa Hyundai Zeknova, copa monomarca del Campeonato Andaluz de Velocidad (2021), campe\u00f3n Junior, subcampe\u00f3n General Scracth y subcampe\u00f3n de la categor\u00eda 1.600 cc del CAVA, entre otros m\u00e9ritos.<\/p>\n\n\n\n<p>Esta temporada participar\u00e1 bajo el programa de promoci\u00f3n de j\u00f3venes pilotos andaluces en la Sandero Dacia Cup y Copa Kobe Motor.<\/p>\n\n\n\n<p><strong>Palmar\u00e9s deportivo Francisco Manuel Puertas:<\/strong><\/p>\n\n\n\n<p><strong>Temporada 2019<\/strong><\/p>\n\n\n\n<ul class=\"wp-block-list\"><li>Campe\u00f3n de Andaluc\u00eda Categor\u00eda X30 Junior.<\/li><li>Entre los 10 primeros en las pruebas del Campeonato de Espa\u00f1a.<\/li><\/ul>\n\n\n\n<p><strong>Temporada 2018<\/strong><\/p>\n\n\n\n<ul class=\"wp-block-list\"><li>1\u00ba Campeonato de Karting Andaluz en la categor\u00eda cadete.<\/li><li>1\u00ba Campeonato de Karting Valenciano en la categor\u00eda cadete.<\/li><li>14\u00ba Campeonato de Espa\u00f1a de Karting.<\/li><\/ul>\n\n\n\n<p><strong>Temporada 2017<\/strong><\/p>\n\n\n\n<ul class=\"wp-block-list\"><li>1\u00ba Campeonato de Karting de Madrid.<\/li><li>2\u00ba Campeonato de Andaluc\u00eda.<\/li><li>1\u00ba Campeonato de Karting Castilla &#8211; La Mancha.<\/li><li>6\u00ba Campeonato de Karting de Espa\u00f1a.<\/li><\/ul>\n\n\n\n<p><strong>Temporada 2016<\/strong><\/p>\n\n\n\n<ul class=\"wp-block-list\"><li>1\u00ba Master Series Andaluc\u00eda.<\/li><li>2\u00ba Campeonato de Karting Murcia.<\/li><li>3\u00ba Campeonato de Karting de Andaluc\u00eda.<\/li><li>3\u00ba Campeonato de Karting de Extremadura.<\/li><li>5\u00ba Carrera de Campeones.<\/li><\/ul>\n\n\n\n<p><a href=\"https:\/\/faa.net\/rtandalucia\/fotos-francisco-puertas\/\">Ver \u00e1lbum de fotos Francisco Manuel Puertas.<\/a><\/p>\n\n\n\n<p><a href=\"https:\/\/faa.net\/rtandalucia\/index.php\/equipos-rally-team-andalucia\/\">Saber m\u00e1s sobre los equipos que conforman el Rally Team Andaluc\u00eda.<\/a><\/p>\n\n\n\n<p><a href=\"https:\/\/faa.net\/rtandalucia\/calendario\/\">Ver calendario de pruebas esta temporada.<\/a><\/p>\n\n\n\n<p><a href=\"https:\/\/faa.net\/rtandalucia\/noticias\/\">Visitar la Sala de Prensa de Andaluc\u00eda Rally Team.<\/a><\/p>\n\n\n\n<div class=\"wp-block-kadence-spacer aligncenter kt-block-spacer-_75d90c-4f\"><div class=\"kt-block-spacer kt-block-spacer-halign-center\"><hr class=\"kt-divider\"\/><\/div><\/div>\n\n\n\n<h1 class=\"kt-adv-heading_4fce19-b91 wp-block-kadence-advancedheading has-kb-palette-2-color has-text-color\" data-kb-block=\"kb-adv-heading_4fce19-b91\">\u00daltimas Noticias Francisco Puertas<\/h1>\n\n\n\n<h1 class=\"kt-adv-heading_7e85cf-182 wp-block-kadence-advancedheading has-kb-palette-2-color has-text-color\" data-kb-block=\"kb-adv-heading_7e85cf-182\">Piloto Rally Team Andaluc\u00eda<\/h1>\n\n\n\n\n\n<div class=\"wp-block-kadence-advancedbtn kt-btn-align-center kt-btn-tablet-align-inherit kt-btn-mobile-align-inherit kt-btns-wrap kt-btns_c73606-d6\"><div class=\"kt-btn-wrap kt-btn-wrap-0\"><a class=\"kt-button button kt-btn-0-action kt-btn-size-standard kt-btn-style-basic kt-btn-svg-show-always kt-btn-has-text-true kt-btn-has-svg-false\" href=\"https:\/\/faa.net\/rtandalucia\/noticias-francisco-puertas\/\"><span class=\"kt-btn-inner-text\">Noticias Francisco Puertas<\/span><\/a><\/div><\/div>\n","protected":false},"excerpt":{"rendered":"<p>El joven piloto de Rally Francisco Manuel Puertas, natural de Almer\u00eda, que que es miembro de la selecci\u00f3n andaluza de automovilismo desde el a\u00f1o 2017, tiene en sus manos un importante proyecto de futuro. Fue campe\u00f3n en su primera temporada de la Copa Kobe Espa\u00f1a (2021), campe\u00f3n de la Copa Hyundai Zeknova, copa monomarca del [&hellip;]<\/p>\n","protected":false},"author":1,"featured_media":9,"parent":0,"menu_order":0,"comment_status":"closed","ping_status":"closed","template":"","meta":{"_et_pb_use_builder":"","_et_pb_old_content":"","_et_gb_content_width":"","footnotes":""},"class_list":["post-23","page","type-page","status-publish","has-post-thumbnail","hentry"],"yoast_head":"<!-- This site is optimized with the Yoast SEO plugin v27.5 - https:\/\/yoast.com\/product\/yoast-seo-wordpress\/ -->\n<title>Francisco Puertas - Rallye Team Andalucia<\/title>\n<meta name=\"description\" content=\"Francisco Manuel Puertas, piloto andaluz becado por el programa Andaluc\u00eda Rally Team que representar\u00e1 a Andaluc\u00eda en la Sandero Dacia CUP y en la Copa Kobe Motor.\" \/>\n<meta name=\"robots\" content=\"index, follow, max-snippet:-1, max-image-preview:large, max-video-preview:-1\" \/>\n<link rel=\"canonical\" href=\"https:\/\/faa.net\/rtandalucia\/francisco-puertas\/\" \/>\n<meta property=\"og:locale\" content=\"es_ES\" \/>\n<meta property=\"og:type\" content=\"article\" \/>\n<meta property=\"og:title\" content=\"Francisco Puertas - Rallye Team Andalucia\" \/>\n<meta property=\"og:description\" content=\"Francisco Manuel Puertas, piloto andaluz becado por el programa Andaluc\u00eda Rally Team que representar\u00e1 a Andaluc\u00eda en la Sandero Dacia CUP y en la Copa Kobe Motor.\" \/>\n<meta property=\"og:url\" content=\"https:\/\/faa.net\/rtandalucia\/francisco-puertas\/\" \/>\n<meta property=\"og:site_name\" content=\"Rallye Team Andalucia\" \/>\n<meta property=\"article:modified_time\" content=\"2022-03-16T17:06:53+00:00\" \/>\n<meta property=\"og:image\" content=\"https:\/\/faa.net\/rtandalucia\/wp-content\/uploads\/2022\/02\/rtandalucia-favicon.png\" \/>\n\t<meta property=\"og:image:width\" content=\"480\" \/>\n\t<meta property=\"og:image:height\" content=\"321\" \/>\n\t<meta property=\"og:image:type\" content=\"image\/png\" \/>\n<meta name=\"twitter:card\" content=\"summary_large_image\" \/>\n<meta name=\"twitter:label1\" content=\"Tiempo de lectura\" \/>\n\t<meta name=\"twitter:data1\" content=\"2 minutos\" \/>\n<script type=\"application\/ld+json\" class=\"yoast-schema-graph\">{\"@context\":\"https:\\\/\\\/schema.org\",\"@graph\":[{\"@type\":\"WebPage\",\"@id\":\"https:\\\/\\\/faa.net\\\/rtandalucia\\\/francisco-puertas\\\/\",\"url\":\"https:\\\/\\\/faa.net\\\/rtandalucia\\\/francisco-puertas\\\/\",\"name\":\"Francisco Puertas - Rallye Team Andalucia\",\"isPartOf\":{\"@id\":\"https:\\\/\\\/faa.net\\\/rtandalucia\\\/#website\"},\"primaryImageOfPage\":{\"@id\":\"https:\\\/\\\/faa.net\\\/rtandalucia\\\/francisco-puertas\\\/#primaryimage\"},\"image\":{\"@id\":\"https:\\\/\\\/faa.net\\\/rtandalucia\\\/francisco-puertas\\\/#primaryimage\"},\"thumbnailUrl\":\"https:\\\/\\\/faa.net\\\/rtandalucia\\\/wp-content\\\/uploads\\\/2022\\\/02\\\/rtandalucia-favicon.png\",\"datePublished\":\"2022-03-02T08:47:52+00:00\",\"dateModified\":\"2022-03-16T17:06:53+00:00\",\"description\":\"Francisco Manuel Puertas, piloto andaluz becado por el programa Andaluc\u00eda Rally Team que representar\u00e1 a Andaluc\u00eda en la Sandero Dacia CUP y en la Copa Kobe Motor.\",\"breadcrumb\":{\"@id\":\"https:\\\/\\\/faa.net\\\/rtandalucia\\\/francisco-puertas\\\/#breadcrumb\"},\"inLanguage\":\"es\",\"potentialAction\":[{\"@type\":\"ReadAction\",\"target\":[\"https:\\\/\\\/faa.net\\\/rtandalucia\\\/francisco-puertas\\\/\"]}]},{\"@type\":\"ImageObject\",\"inLanguage\":\"es\",\"@id\":\"https:\\\/\\\/faa.net\\\/rtandalucia\\\/francisco-puertas\\\/#primaryimage\",\"url\":\"https:\\\/\\\/faa.net\\\/rtandalucia\\\/wp-content\\\/uploads\\\/2022\\\/02\\\/rtandalucia-favicon.png\",\"contentUrl\":\"https:\\\/\\\/faa.net\\\/rtandalucia\\\/wp-content\\\/uploads\\\/2022\\\/02\\\/rtandalucia-favicon.png\",\"width\":480,\"height\":321},{\"@type\":\"BreadcrumbList\",\"@id\":\"https:\\\/\\\/faa.net\\\/rtandalucia\\\/francisco-puertas\\\/#breadcrumb\",\"itemListElement\":[{\"@type\":\"ListItem\",\"position\":1,\"name\":\"Portada\",\"item\":\"https:\\\/\\\/faa.net\\\/rtandalucia\\\/\"},{\"@type\":\"ListItem\",\"position\":2,\"name\":\"Francisco Puertas\"}]},{\"@type\":\"WebSite\",\"@id\":\"https:\\\/\\\/faa.net\\\/rtandalucia\\\/#website\",\"url\":\"https:\\\/\\\/faa.net\\\/rtandalucia\\\/\",\"name\":\"Rallye Team Andalucia\",\"description\":\"- Un proyecto de la Federaci\u00f3n Andaluza de Automovilismo\",\"potentialAction\":[{\"@type\":\"SearchAction\",\"target\":{\"@type\":\"EntryPoint\",\"urlTemplate\":\"https:\\\/\\\/faa.net\\\/rtandalucia\\\/?s={search_term_string}\"},\"query-input\":{\"@type\":\"PropertyValueSpecification\",\"valueRequired\":true,\"valueName\":\"search_term_string\"}}],\"inLanguage\":\"es\"}]}<\/script>\n<!-- \/ Yoast SEO plugin. -->","yoast_head_json":{"title":"Francisco Puertas - Rallye Team Andalucia","description":"Francisco Manuel Puertas, piloto andaluz becado por el programa Andaluc\u00eda Rally Team que representar\u00e1 a Andaluc\u00eda en la Sandero Dacia CUP y en la Copa Kobe Motor.","robots":{"index":"index","follow":"follow","max-snippet":"max-snippet:-1","max-image-preview":"max-image-preview:large","max-video-preview":"max-video-preview:-1"},"canonical":"https:\/\/faa.net\/rtandalucia\/francisco-puertas\/","og_locale":"es_ES","og_type":"article","og_title":"Francisco Puertas - Rallye Team Andalucia","og_description":"Francisco Manuel Puertas, piloto andaluz becado por el programa Andaluc\u00eda Rally Team que representar\u00e1 a Andaluc\u00eda en la Sandero Dacia CUP y en la Copa Kobe Motor.","og_url":"https:\/\/faa.net\/rtandalucia\/francisco-puertas\/","og_site_name":"Rallye Team Andalucia","article_modified_time":"2022-03-16T17:06:53+00:00","og_image":[{"width":480,"height":321,"url":"https:\/\/faa.net\/rtandalucia\/wp-content\/uploads\/2022\/02\/rtandalucia-favicon.png","type":"image\/png"}],"twitter_card":"summary_large_image","twitter_misc":{"Tiempo de lectura":"2 minutos"},"schema":{"@context":"https:\/\/schema.org","@graph":[{"@type":"WebPage","@id":"https:\/\/faa.net\/rtandalucia\/francisco-puertas\/","url":"https:\/\/faa.net\/rtandalucia\/francisco-puertas\/","name":"Francisco Puertas - Rallye Team Andalucia","isPartOf":{"@id":"https:\/\/faa.net\/rtandalucia\/#website"},"primaryImageOfPage":{"@id":"https:\/\/faa.net\/rtandalucia\/francisco-puertas\/#primaryimage"},"image":{"@id":"https:\/\/faa.net\/rtandalucia\/francisco-puertas\/#primaryimage"},"thumbnailUrl":"https:\/\/faa.net\/rtandalucia\/wp-content\/uploads\/2022\/02\/rtandalucia-favicon.png","datePublished":"2022-03-02T08:47:52+00:00","dateModified":"2022-03-16T17:06:53+00:00","description":"Francisco Manuel Puertas, piloto andaluz becado por el programa Andaluc\u00eda Rally Team que representar\u00e1 a Andaluc\u00eda en la Sandero Dacia CUP y en la Copa Kobe Motor.","breadcrumb":{"@id":"https:\/\/faa.net\/rtandalucia\/francisco-puertas\/#breadcrumb"},"inLanguage":"es","potentialAction":[{"@type":"ReadAction","target":["https:\/\/faa.net\/rtandalucia\/francisco-puertas\/"]}]},{"@type":"ImageObject","inLanguage":"es","@id":"https:\/\/faa.net\/rtandalucia\/francisco-puertas\/#primaryimage","url":"https:\/\/faa.net\/rtandalucia\/wp-content\/uploads\/2022\/02\/rtandalucia-favicon.png","contentUrl":"https:\/\/faa.net\/rtandalucia\/wp-content\/uploads\/2022\/02\/rtandalucia-favicon.png","width":480,"height":321},{"@type":"BreadcrumbList","@id":"https:\/\/faa.net\/rtandalucia\/francisco-puertas\/#breadcrumb","itemListElement":[{"@type":"ListItem","position":1,"name":"Portada","item":"https:\/\/faa.net\/rtandalucia\/"},{"@type":"ListItem","position":2,"name":"Francisco Puertas"}]},{"@type":"WebSite","@id":"https:\/\/faa.net\/rtandalucia\/#website","url":"https:\/\/faa.net\/rtandalucia\/","name":"Rallye Team Andalucia","description":"- Un proyecto de la Federaci\u00f3n Andaluza de Automovilismo","potentialAction":[{"@type":"SearchAction","target":{"@type":"EntryPoint","urlTemplate":"https:\/\/faa.net\/rtandalucia\/?s={search_term_string}"},"query-input":{"@type":"PropertyValueSpecification","valueRequired":true,"valueName":"search_term_string"}}],"inLanguage":"es"}]}},"_links":{"self":[{"href":"https:\/\/faa.net\/rtandalucia\/wp-json\/wp\/v2\/pages\/23","targetHints":{"allow":["GET"]}}],"collection":[{"href":"https:\/\/faa.net\/rtandalucia\/wp-json\/wp\/v2\/pages"}],"about":[{"href":"https:\/\/faa.net\/rtandalucia\/wp-json\/wp\/v2\/types\/page"}],"author":[{"embeddable":true,"href":"https:\/\/faa.net\/rtandalucia\/wp-json\/wp\/v2\/users\/1"}],"replies":[{"embeddable":true,"href":"https:\/\/faa.net\/rtandalucia\/wp-json\/wp\/v2\/comments?post=23"}],"version-history":[{"count":14,"href":"https:\/\/faa.net\/rtandalucia\/wp-json\/wp\/v2\/pages\/23\/revisions"}],"predecessor-version":[{"id":316,"href":"https:\/\/faa.net\/rtandalucia\/wp-json\/wp\/v2\/pages\/23\/revisions\/316"}],"wp:featuredmedia":[{"embeddable":true,"href":"https:\/\/faa.net\/rtandalucia\/wp-json\/wp\/v2\/media\/9"}],"wp:attachment":[{"href":"https:\/\/faa.net\/rtandalucia\/wp-json\/wp\/v2\/media?parent=23"}],"curies":[{"name":"wp","href":"https:\/\/api.w.org\/{rel}","templated":true}]}}